{"id":8527,"date":"2026-09-04T19:07:26","date_gmt":"2026-09-04T17:07:26","guid":{"rendered":"https:\/\/www.nature-et-societe.org\/?post_type=mec-events&#038;p=8527"},"modified":"2026-09-04T19:14:41","modified_gmt":"2026-09-04T17:14:41","slug":"minute-papillon-2","status":"publish","type":"mec-events","link":"https:\/\/www.nature-et-societe.org\/?mec-events=minute-papillon-2","title":{"rendered":"Minute papillon !"},"content":{"rendered":"<p><span class=\"a_GcMg font-feature-liga-off font-feature-clig-off font-feature-calt-off text-decoration-none text-strikethrough-none\">Une envie d\u2019apprendre \u00e0 reconna\u00eetre quelques papillons, d&rsquo;en conna\u00eetre un peu plus sur le mode de vie de ces petits cerfs-volants color\u00e9s, leurs besoins, la fa\u00e7on de les accueillir au jardin ou au balcon ? Nous vous proposons une initiation en soir\u00e9e suivie d&rsquo;une sortie <a href=\"https:\/\/www.nature-et-societe.org\/?mec-events=a-vos-filets-2\">le dimanche 13 septembre<\/a> pour apprendre \u00e0 les d\u00e9couvrir.<\/span><\/p>\n<p><em>10\u20ac inscription par mail aupr\u00e8s de animation.nature@nature-et-societe.org ou par t\u00e9l\u00e9phone : 09 53 04 41 05 \/ 07 71 22 66 14<\/em><\/p>\n","protected":false},"excerpt":{"rendered":"<p>Une envie d\u2019apprendre \u00e0 reconna\u00eetre quelques papillons, d&rsquo;en conna\u00eetre un peu plus sur le mode de vie de ces petits cerfs-volants color\u00e9s, leurs besoins, la fa\u00e7on de les accueillir au jardin ou au balcon ? Nous vous proposons une initiation en soir\u00e9e suivie d&rsquo;une sortie le dimanche 13 septembre pour apprendre \u00e0 les d\u00e9couvrir. 10\u20ac [&hellip;]<\/p>\n","protected":false},"author":1,"featured_media":8528,"comment_status":"closed","ping_status":"closed","template":"","tags":[],"mec_category":[612,632],"class_list":["post-8527","mec-events","type-mec-events","status-publish","has-post-thumbnail","hentry","mec_category-activites-nature","mec_category-formation","entry","has-media"],"jetpack_sharing_enabled":true,"_links":{"self":[{"href":"https:\/\/www.nature-et-societe.org\/index.php?rest_route=\/wp\/v2\/mec-events\/8527","targetHints":{"allow":["GET"]}}],"collection":[{"href":"https:\/\/www.nature-et-societe.org\/index.php?rest_route=\/wp\/v2\/mec-events"}],"about":[{"href":"https:\/\/www.nature-et-societe.org\/index.php?rest_route=\/wp\/v2\/types\/mec-events"}],"author":[{"embeddable":true,"href":"https:\/\/www.nature-et-societe.org\/index.php?rest_route=\/wp\/v2\/users\/1"}],"replies":[{"embeddable":true,"href":"https:\/\/www.nature-et-societe.org\/index.php?rest_route=%2Fwp%2Fv2%2Fcomments&post=8527"}],"wp:featuredmedia":[{"embeddable":true,"href":"https:\/\/www.nature-et-societe.org\/index.php?rest_route=\/wp\/v2\/media\/8528"}],"wp:attachment":[{"href":"https:\/\/www.nature-et-societe.org\/index.php?rest_route=%2Fwp%2Fv2%2Fmedia&parent=8527"}],"wp:term":[{"taxonomy":"post_tag","embeddable":true,"href":"https:\/\/www.nature-et-societe.org\/index.php?rest_route=%2Fwp%2Fv2%2Ftags&post=8527"},{"taxonomy":"mec_category","embeddable":true,"href":"https:\/\/www.nature-et-societe.org\/index.php?rest_route=%2Fwp%2Fv2%2Fmec_category&post=8527"}],"curies":[{"name":"wp","href":"https:\/\/api.w.org\/{rel}","templated":true}]}}

<p><span class="a_GcMg font-feature-liga-off font-feature-clig-off font-feature-calt-off text-decoration-none text-strikethrough-none">Une envie d’apprendre à reconnaître quelques papillons, d&rsquo;en connaître un peu plus sur le mode de vie de ces petits cerfs-volants colorés, leurs besoins, la façon de les accueillir au jardin ou au balcon ? Nous vous proposons une initiation en soirée suivie d&rsquo;une sortie <a href="https://www.nature-et-societe.org/?mec-events=a-vos-filets-2">le dimanche 13 septembre</a> pour apprendre à les découvrir.</span></p>
<p><em>10€ inscription par mail auprès de animation.nature@nature-et-societe.org ou par téléphone : 09 53 04 41 05 / 07 71 22 66 14</em></p>

<p>Une envie d’apprendre à reconnaître quelques papillons, d&rsquo;en connaître un peu plus sur le mode de vie de ces petits cerfs-volants colorés, leurs besoins, la façon de les accueillir au jardin ou au balcon ? Nous vous proposons une initiation en soirée suivie d&rsquo;une sortie le dimanche 13 septembre pour apprendre à les découvrir. 10€ [&hellip;]</p>
